ulate the highest common factor of 646384 and 3.
1
What is the highest common divisor of 6635241 and 326?
163
What is the greatest common factor of 12501 and 23030083?
463
What is the greatest common factor of 21152 and 4442581?
661
What is the highest common divisor of 9706 and 93095099?
4853
Calculate the highest common factor of 251028 and 562244.
1468
Calculate the greatest common divisor of 8489788 and 328.
164
Calculate the highest common factor of 1845 and 1504290.
615
Calculate the highest common divisor of 12 and 586142196.
12
Calculate the highest common divisor of 88878849 and 24096.
753
What is the greatest common factor of 3952 and 1169048?
8
What is the greatest common divisor of 4592 and 9889712?
112
Calculate the highest common divisor of 65 and 2149732.
13
Calculate the highest common factor of 711 and 766395.
9
What is the highest common factor of 41623925 and 175?
175
Calculate the highest common factor of 53661001 and 92.
23
What is the highest common divisor of 255717 and 230461?
3157
Calculate the highest common divisor of 44036895 and 19173.
1743
What is the highest common divisor of 1890 and 49554?
18
What is the greatest common divisor of 1492 and 62766202?
746
What is the highest common factor of 209 and 2903979?
19
Calculate the greatest common factor of 3189 and 465351636.
3189
What is the greatest common divisor of 28120 and 74888?
296
What is the greatest common factor of 9486400 and 36800?
1600
What is the greatest common divisor of 2623 and 1084765257?
2623
What is the greatest common divisor of 4589 and 178547753?
353
What is the greatest common factor of 29601 and 364650?
429
What is the greatest common divisor of 216 and 1030500?
36
Calculate the greatest common factor of 252 and 4742436.
12
Calculate the greatest common divisor of 2531078 and 11.
11
What is the highest common divisor of 38948002 and 356?
178
What is the highest common divisor of 25205102 and 92?
46
What is the highest common factor of 8244787 and 74965?
1363
Calculate the greatest common divisor of 3018252 and 53544.
1164
Calculate the highest common factor of 45 and 9444835.
5
Calculate the greatest common factor of 346746 and 14838.
6
What is the highest common factor of 501270 and 79794?
2046
Calculate the highest common factor of 1003025 and 2385.
265
Calculate the greatest common factor of 920352180 and 1023.
1023
What is the greatest common divisor of 3298 and 2337506?
194
Calculate the highest common factor of 155417166 and 18.
18
What is the highest common factor of 1507968 and 4256?
224
What is the highest common factor of 24130227 and 1056?
33
Calculate the highest common factor of 3349 and 1413278.
3349
Calculate the highest common factor of 171 and 526416375.
57
Calculate the greatest common factor of 605046163 and 131.
131
What is the greatest common divisor of 1750184 and 820760?
2312
What is the highest common factor of 4220 and 9843572?
844
What is the greatest common factor of 10523240 and 8575?
1715
What is the greatest common factor of 1251250 and 7250?
250
What is the greatest common divisor of 921264 and 918?
102
Calculate the greatest common divisor of 70740454 and 58.
58
What is the highest common factor of 3472 and 3866360?
8
What is the highest common factor of 45256112 and 1504?
752
Calculate the highest common divisor of 12186 and 647212.
1354
Calculate the greatest common divisor of 1608 and 110536131.
201
What is the greatest common factor of 542802 and 36348?
78
Calculate the highest common factor of 330 and 2105554.
22
Calculate the highest common divisor of 39293635 and 43555.
1405
Calculate the highest common factor of 1011 and 6180243.
1011
Calculate the greatest common factor of 3182 and 245902.
74
What is the greatest common divisor of 882 and 450519552?
126
What is the highest common divisor of 585 and 8020155?
195
Calculate the highest common factor of 729 and 108944379.
27
What is the greatest common factor of 804 and 205066833?
201
Calculate the greatest common divisor of 369379034 and 122.
122
Calculate the highest common factor of 17352779 and 43.
43
What is the greatest common divisor of 26237792 and 2?
2
What is the highest common divisor of 953244 and 2844?
36
What is the highest common factor of 1381812 and 16848?
12
Calculate the greatest common divisor of 12042 and 892446.
1338
Calculate the greatest common factor of 4270 and 7593585.
305
What is the greatest common factor of 900 and 22541340?
60
Calculate the greatest common divisor of 6341412 and 1452.
132
Calculate the greatest common factor of 156753624 and 60.
12
What is the highest common factor of 6599000 and 310153?
6599
Calculate the highest common factor of 6925171 and 50779.
493
Calculate the greatest common factor of 2147501464 and 2416.
1208
What is the greatest common factor of 98345 and 661715?
445
Calculate the highest common factor of 7659 and 3940833.
111
Calculate the greatest common divisor of 2869191 and 819.
117
Calculate the greatest common divisor of 2856 and 32730576.
408
What is the greatest common divisor of 4158006 and 3235902?
8538
What is the highest common factor of 13348249 and 327?
109
What is the greatest common factor of 588616 and 444912?
184
What is the highest common factor of 103286012 and 52?
4
What is the greatest common factor of 66234273 and 23?
23
What is the highest common divisor of 1035 and 1634265?
1035
Calculate the greatest common divisor of 126700 and 460645.
905
What is the greatest common divisor of 751258908 and 180?
36
Calculate the highest common factor of 6276 and 69559.
523
Calculate the greatest common factor of 243040 and 41200.
80
Calculate the greatest common divisor of 96 and 52489176.
24
Calculate the highest common divisor of 625 and 4314125.
125
Calculate the greatest common divisor of 19917665 and 795.
265
Calculate the greatest common factor of 1254 and 70955918.
418
Calculate the highest common factor of 12829959 and 171.
171
Calculate the highest common divisor of 69678699 and 306.
51
What is the highest common factor of 23056 and 20653853?
1441
What is the highest common factor of 91365204 and 1764?
588
Calculate the greatest common factor of 71395 and 1276595.
655
Calculate the highest common factor of 36608 and 10509824.
3328
Calculate the greatest common factor of 14219 and 897725.
241
Calculate the greatest common factor of 401592 and 990408.
696
Calculate the greatest common factor of 81403 and 45008.
29
What is the highest common divisor of 97902 and 1558440?
1998
Calculate the highest common divisor of 5204404 and 57.
19
Calculate the greatest common factor of 7744 and 75520.
64
What is the greatest common factor of 42427 and 12446539?
3857
Calculate the greatest common factor of 3894196 and 249728.
7804
What is the highest common divisor of 349693602 and 3408?
426
Calculate the highest common divisor of 70 and 3435866.
14
Calculate the highest common factor of 285 and 251919385.
95
Calculate the highest common factor of 10761 and 565282504.
3587
What is the greatest common divisor of 34 and 11748802?
34
Calculate the greatest common factor of 56264 and 3484.
52
What is the greatest common divisor of 355219558 and 9186?
3062
Calculate the highest common divisor of 16122185 and 16559.
571
What is the greatest common factor of 22 and 8361826?
22
Calculate the greatest common factor of 13728 and 9992.
8
Calculate the highest common divisor of 817 and 1825235.
19
Calculate the highest common factor of 31229958 and 31.
31
What is the highest common divisor of 6879535 and 2180?
545
What is the highest common divisor of 66813 and 87?
3
What is the greatest common factor of 19603488 and 23976?
888
What is the greatest common factor of 808920 and 106251?
321
What is the greatest common factor of 54 and 13442463?
27
What is the highest common factor of 20746050 and 415350?
1950
Calculate the highest common factor of 3530 and 17053430.
3530
Calculate the greatest common factor of 6216485 and 451.
11
What is the greatest common divisor of 23474 and 5194156?
2134
What is the greatest common factor of 198 and 34813251?
99
What is the highest common divisor of 8472 and 18388476?
4236
What is the highest common divisor of 725 and 23365?
5
What is the greatest common divisor of 1